{"id":28,"date":"2019-07-29T08:40:07","date_gmt":"2019-07-29T13:40:07","guid":{"rendered":"https:\/\/biagiotti.qodeinteractive.com\/?post_type=product&#038;p=28"},"modified":"2024-01-11T13:27:21","modified_gmt":"2024-01-11T18:27:21","slug":"pink-lipstick","status":"publish","type":"product","link":"https:\/\/diosanut.com\/?product=pink-lipstick","title":{"rendered":"ELIXIR FLORAL NUEVA FORMULA"},"content":{"rendered":"<p>MARAVILLOSO HUMEANTE \u00cdNTIMO PARA USO DIARIO<\/p>\n<p>Brinda el m\u00e1ximo confort, disminuyendo los s\u00edntomas asociados a las resequedad vaginal, picaz\u00f3n, ardor e inflamaci\u00f3n o posibles cortes, y previene posibles infecciones. Mezcla 12 extractos, flores y herbales 100% Certificados.<\/p>\n<p>PRODUCTO MULTI PROP\u00d3SITO: \u00cdntimo, facial y capilar.<\/p>\n<p>&nbsp;<\/p>\n<p><strong>Compuesto por 12 extractos entre florales y herbales certificados: <\/strong>Matricaria Chamomilla, Aguacate, Jazm\u00edn, Rosa, Lavanda, Flor de Vainilla, Hibisco, Almendra Dulce, Salvia, Lino, Albaricoque, Onagra.<\/p>\n<p>&nbsp;<\/p>\n","protected":false},"excerpt":{"rendered":"<h6>CONTENIDO: 30 ML<\/h6>\n<p>MARAVILLOSO HUMEANTE \u00cdNTIMO PARA USO DIARIO<\/p>\n<p>Brinda el m\u00e1ximo confort, disminuyendo los s\u00edntomas asociados a las resequedad vaginal, picaz\u00f3n, ardor e inflamaci\u00f3n o posibles cortes, y previene posibles infecciones. Mezcla 12 extractos, flores y herbales 100% Certificados.<\/p>\n<p>PRODUCTO MULTI PROP\u00d3SITO: \u00cdntimo, facial y capilar.<\/p>\n<p>&nbsp;<\/p>\n<p><strong>Compuesto por 12 extractos entre florales y herbales certificados: <\/strong>Matricaria Chamomilla, Aguacate, Jazm\u00edn, Rosa, Lavanda, Flor de Vainilla, Hibisco, Almendra Dulce, Salvia, Lino, Albaricoque, Onagra.<\/p>\n","protected":false},"featured_media":4027,"comment_status":"open","ping_status":"closed","template":"","meta":{"_joinchat":[]},"product_cat":[68],"product_tag":[],"class_list":{"0":"post-28","1":"product","2":"type-product","3":"status-publish","4":"has-post-thumbnail","6":"product_cat-aceites","8":"first","9":"instock","10":"virtual","11":"purchasable","12":"product-type-simple"},"_links":{"self":[{"href":"https:\/\/diosanut.com\/index.php?rest_route=\/wp\/v2\/product\/28","targetHints":{"allow":["GET"]}}],"collection":[{"href":"https:\/\/diosanut.com\/index.php?rest_route=\/wp\/v2\/product"}],"about":[{"href":"https:\/\/diosanut.com\/index.php?rest_route=\/wp\/v2\/types\/product"}],"replies":[{"embeddable":true,"href":"https:\/\/diosanut.com\/index.php?rest_route=%2Fwp%2Fv2%2Fcomments&post=28"}],"wp:featuredmedia":[{"embeddable":true,"href":"https:\/\/diosanut.com\/index.php?rest_route=\/wp\/v2\/media\/4027"}],"wp:attachment":[{"href":"https:\/\/diosanut.com\/index.php?rest_route=%2Fwp%2Fv2%2Fmedia&parent=28"}],"wp:term":[{"taxonomy":"product_cat","embeddable":true,"href":"https:\/\/diosanut.com\/index.php?rest_route=%2Fwp%2Fv2%2Fproduct_cat&post=28"},{"taxonomy":"product_tag","embeddable":true,"href":"https:\/\/diosanut.com\/index.php?rest_route=%2Fwp%2Fv2%2Fproduct_tag&post=28"}],"curies":[{"name":"wp","href":"https:\/\/api.w.org\/{rel}","templated":true}]}}